71632?
2, 131, 3517
List the prime factors of 110374503.
3, 36791501
List the prime factors of 70098039.
3, 11, 708061
What are the prime factors of 3401366807?
12653, 268819
What are the prime factors of 1047799632?
2, 3, 11, 1303, 1523
What are the prime factors of 144401163?
3, 48133721
What are the prime factors of 106909268?
2, 53, 504289
What are the prime factors of 119509270?
2, 5, 421, 28387
List the prime factors of 2890719268.
2, 41, 17626337
List the prime factors of 112332961.
13, 47, 113, 1627
List the prime factors of 1423556885.
5, 284711377
List the prime factors of 71270198.
2, 181, 196879
What are the prime factors of 1296707411?
7817, 165883
List the prime factors of 2595167045.
5, 17, 2203, 13859
List the prime factors of 207757957.
11, 1801, 10487
What are the prime factors of 1427106659?
11, 129736969
List the prime factors of 21977090.
2, 5, 17, 129277
What are the prime factors of 1186211573?
10313, 115021
List the prime factors of 105563124.
2, 3, 2932309
List the prime factors of 15469034.
2, 7, 37, 29863
List the prime factors of 411772936.
2, 61, 843797
What are the prime factors of 91603512?
2, 3, 7, 11, 13, 31, 41
List the prime factors of 4564268918.
2, 11, 2857, 72617
List the prime factors of 290012161.
31, 9355231
What are the prime factors of 320994268?
2, 7, 11464081
What are the prime factors of 39324612?
2, 3, 3277051
What are the prime factors of 4221580?
2, 5, 11, 31, 619
List the prime factors of 136390063.
313, 435751
List the prime factors of 641884809.
3, 19, 11261137
List the prime factors of 84449851.
19, 4444729
What are the prime factors of 85069658?
2, 6121, 6949
What are the prime factors of 27544738?
2, 13, 1059413
List the prime factors of 2599562742.
2, 3, 7, 4933, 12547
List the prime factors of 23329386.
2, 3, 1296077
What are the prime factors of 639326154?
2, 3, 106554359
List the prime factors of 1849599363.
3, 616533121
List the prime factors of 1060039403.
17, 2617, 23827
List the prime factors of 2011106879.
71, 28325449
List the prime factors of 6714768416.
2, 19, 11044027
List the prime factors of 83444444.
2, 97, 215063
What are the prime factors of 1018850?
2, 5, 7, 41, 71
What are the prime factors of 524342055?
3, 5, 139, 251483
What are the prime factors of 52737797?
7, 109, 69119
What are the prime factors of 455764883?
7, 17, 31, 123547
List the prime factors of 164693264.
2, 47, 389, 563
List the prime factors of 3218287143.
3, 1072762381
What are the prime factors of 360348770?
2, 5, 36034877
What are the prime factors of 1100118798?
2, 3, 1733, 35267
What are the prime factors of 2668359962?
2, 19, 70219999
List the prime factors of 2627484.
2, 3, 347, 631
What are the prime factors of 1079241869?
113, 9550813
List the prime factors of 718023943.
7, 13, 7890373
List the prime factors of 91472255.
5, 7, 109, 23977
List the prime factors of 1000349189.
7, 23, 53, 59, 1987
List the prime factors of 632622105.
3, 5, 17, 826957
List the prime factors of 705604406.
2, 13, 19, 109873
List the prime factors of 197150854.
2, 98575427
List the prime factors of 327980146.
2, 13, 1063, 11867
What are the prime factors of 231470795?
5, 5623, 8233
List the prime factors of 55911462.
2, 3, 227, 41051
List the prime factors of 127958156.
2, 313, 102203
What are the prime factors of 2296228706?
2, 1148114353
What are the prime factors of 42986553?
3, 31, 462221
List the prime factors of 39041773.
39041773
List the prime factors of 240559346.
2, 23, 67, 89, 877
List the prime factors of 168027260.
2, 5, 19, 442177
List the prime factors of 1998238576.
2, 37, 109, 173, 179
What are the prime factors of 278298548?
2, 11, 19, 53, 571
List the prime factors of 77832465.
3, 5, 103, 50377
List the prime factors of 1294509670.
2, 5, 61, 263, 8069
List the prime factors of 1182688885.
5, 7, 491, 68821
List the prime factors of 449456307.
3, 149818769
List the prime factors of 22805422.
2, 677, 16843
List the prime factors of 2502042498.
2, 3, 101, 313, 4397
What are the prime factors of 1832481899?
29, 63189031
List the prime factors of 97618037.
11, 59, 150413
List the prime factors of 217238426.
2, 211, 514783
List the prime factors of 108918909.
3, 11, 907, 1213
List the prime factors of 401784183.
3, 29, 1539403
What are the prime factors of 5237713826?
2, 2618856913
What are the prime factors of 2704655012?
2, 173, 569, 6869
List the prime factors of 1112673.
3, 370891
What are the prime factors of 315333689?
11, 1009, 28411
What are the prime factors of 168846217?
19, 1277, 6959
What are the prime factors of 270409983?
3, 90136661
What are the prime factors of 67061104?
2, 11, 47, 67
List the prime factors of 199497040.
2, 5, 17, 383
What are the prime factors of 81337144?
2, 7, 1452449
What are the prime factors of 27313486?
2, 47, 223, 1303
List the prime factors of 89844508.
2, 13, 1727779
List the prime factors of 206769465.
3, 5, 7, 79, 1187
What are the prime factors of 93599737?
7, 11, 67, 18143
What are the prime factors of 48794013?
3, 5421557
List the prime factors of 474434417.
6803, 69739
What are the prime factors of 1087906689?
3, 179, 675299
What are the prime factors of 738427406?
2, 29, 71, 179317
List the prime factors of 24882508.
2, 7, 888661
List the prime factors of 65246826.
2, 3, 41, 265231
What are the prime factors of 124665390?
2, 3, 5, 1385171
What are the prime factors of 30259287?
3, 3362143
List the prime factors of 58404912.
2, 3, 23, 52903
List the prime factors of 1324557000.
2, 3, 5, 13, 11321
List the prime factors of 49898097.
3, 167, 33199
What are the prime factors of 3427101491?
11, 31, 47, 213833
List the prime factors of 562316143.
562316143
What are the prime factors of 165915427?
17, 71, 101, 1361
List the prime factors of 9271037.
389, 23833
What are the prime factors of 11233138?
2, 7, 53, 15139
List the prime factors of 1035831676.
2, 11, 113, 208333
List the prime factors of 86333884.
2, 7, 13, 31, 1093
List the prime factors of 44019786.
2, 3, 53, 138427
What are the prime factors of 4596868910?
2, 5, 459686891
What are the prime factors of 38410131?
3, 433, 29569
What are the prime factors of 27553515?
3, 5, 11, 17, 19, 47
List the prime factors of 12808690.
2, 5, 1280869
What are the prime factors of 24875345?
5, 11, 452279
What are the prime factors of 2361674096?
2, 89, 1658479
List the prime factors of 2246491061.
17, 29, 4556777
What are the prime factors of 22993460?
2, 5, 7, 164239
What are the prime factors of 52803293?
877, 60209
List the prime factors of 45233380.
2, 5, 53, 139, 307
What are the prime factors of 30921693?
3, 11, 61, 15361
What are the prime factors of 146568124?
2, 31, 331, 3571
What are the prime factors of 23543714?
2, 59, 199523
List the prime factors of 69453987.
3, 19, 43, 659
List the prime factors of 3388457246.
2, 313, 823, 6577
What are the prime factors of 329912297?
11, 13, 43, 53653
What are the prime factors of 2377027551?
3, 1213, 653209
List the prime factors of 2471299720.
2, 5, 61782493
List the prime factors of 179230737.
3, 7, 293, 29129
List the prime factors of 54142872.
2, 3, 7, 47, 6857
What are the prime factors of 2159524?
2, 539881
List the prime factors of 44915888.
2, 503, 5581
What are the prime factors of 3609884824?
2, 7, 13, 4958633
What are the prime factors of 70559486?
2, 17, 2075279
List the prime factors of 26240716.
2, 811, 8089
List the prime factors of 14487152.
2, 83, 10909
What are the prime factors of 1157364928?
2, 18083827
What are the prime factors of 175782124?
2, 7, 6277933
What are the prime factors of 42137153?
31, 61, 22283
List the prime factors of 239890288.
2, 11, 137, 9949
What are the prime factors of 5291117417?
17, 31, 2647, 3793
List the prime factors of 31756127.
13, 2442779
What are the prime factors of 92491445?
5, 31, 19249
What are the prime factors of 252499741?
13, 43, 451699
What are the prime factors of 2210080794?
2, 3, 368346799
List the prime factors of 138846653.
11, 23, 49891
List the prime factors of 536567952.
2, 3, 11178499
What are the prime factors of 294989945?
5, 67, 647, 1361
List the prime factors of 130455469.
241, 541309
What are the prime factors of 827242558?
2, 19, 21769541
List the prime factors of 2226932539.
13, 8581, 199